.
147
Let l(w) = -961*w - 49698. Determine l(-49).
-2609
Let w(k) = k**2 + 283*k + 2171. Give w(-8).
-29
Let l(t) = 105*t**2 + 1434*t - 117. Determine l(-14).
387
Let m(j) = 169890*j - 8834247. Give m(52).
33
Let c(d) = 10*d**2 + 1013*d - 25105. Determine c(-122).
149
Let a(k) = -132*k + 11070. Determine a(89).
-678
Let m(u) = -2*u**3 + 80*u**2 - 119*u - 1263. What is m(38)?
-9
Let w(r) = -r**3 - 113*r**2 + 1461*r + 153557. Give w(-114).
-1
Let b(k) = -10*k**2 - 285*k - 19. Give b(-29).
-164
Let h(x) = -x**3 - 88*x**2 + 2690*x - 60. Determine h(24).
-12
Let m(f) = -21*f**2 + 492*f - 57. Determine m(24).
-345
Let w(y) = 1383*y - 219856. Give w(159).
41
Let s(q) = -7*q**2 - 79*q - 235. Determine s(-5).
-15
Let a(i) = -363941*i - 57866626. Calculate a(-159).
-7
Let j(i) = -4268*i - 89665. What is j(-21)?
-37
Let k(t) = -t**3 - 48*t**2 - 497*t + 39. Calculate k(-33).
105
Let h(p) = -4*p**3 + 10*p**2 - 264*p - 2858. Give h(-11).
6580
Let q(p) = -73*p**2 + 71*p + 199. Give q(-2).
-235
Let w(l) = 98*l - 7790. Calculate w(80).
50
Let w(g) = 20*g**3 - 164*g**2 - 114*g - 7. Determine w(9).
263
Let q(a) = 13*a**2 + 4889*a - 39558. Calculate q(-384).
-6
Let t(x) = x**3 - 628*x**2 - 31*x + 19459. Determine t(628).
-9
Let o(j) = -j**3 + j**2 + 15895*j - 63529. Give o(4).
3
Let g(z) = -z**2 + 70*z + 1036. Calculate g(79).
325
Let s(k) = -592*k - 14176. Give s(-24).
32
Let u(w) = 356*w - 18663. Give u(51).
-507
Let h(i) = i**3 - 31*i**2 - 100*i + 1114. What is h(33)?
-8
Let u(f) = -209*f + 5884. What is u(16)?
2540
Let t(c) = -12116*c - 726952. Calculate t(-60).
8
Let c(h) = 167*h**3 + h**2 + 47*h - 45. Give c(1).
170
Let s(f) = -f**3 + 2012*f**2 + 22090*f + 329747. Determine s(2023).
-2
Let n(g) = 84*g + 6522. What is n(-76)?
138
Let u(j) = 2*j**2 + 146246*j - 731298. Determine u(5).
-18
Let d(h) = 3*h**2 - 753*h - 16759. What is d(272)?
377
Let s(t) = -16621*t - 182826. Calculate s(-11).
5
Let g(m) = 81*m - 3156. What is g(37)?
-159
Let d(h) = -h**3 + 19*h**2 + 81. Give d(19).
81
Let c(l) = l**3 + 9*l**2 - 1385*l + 16210. Calculate c(18).
28
Let r(c) = -c**2 - 67*c + 7181. Give r(57).
113
Let r(l) = 4*l**3 + 57*l**2 + 269*l + 24. Calculate r(-6).
-402
Let l(b) = b**2 + 73*b + 2313. What is l(-38)?
983
Let n(m) = 8703*m + 147499. Give n(-17).
-452
Let p(s) = -2181*s - 455842. Calculate p(-209).
-13
Let i(l) = 133*l + 46481. Determine i(-346).
463
Let c(i) = 9060*i - 18137. What is c(2)?
-17
Let k(i) = i**2 + 11674*i - 14. What is k(0)?
-14
Let h(i) = 30882*i - 401248. Calculate h(13).
218
Let z(p) = -784*p + 16442. Calculate z(21).
-22
Let m(g) = 84*g**3 - 17*g**2 - 43*g - 28. What is m(-1)?
-86
Let b(m) = -615*m - 37429. Determine b(-61).
86
Let u(s) = -s**2 + 83*s - 417. What is u(78)?
-27
Let z(p) = 12*p**3 - 179*p**2 + 2*p - 196. Give z(15).
59
Let y(c) = -c**3 - 30*c**2 - 28476*c - 942971. What is y(-33)?
4
Let u(k) = 32933*k - 33391. Calculate u(1).
-458
Let h(k) = 6*k**3 + 64*k**2 + 55*k + 219. What is h(-10)?
69
Let q(d) = d**3 + 7*d**2 - 151*d + 491. Give q(4).
63
Let l(c) = -c**3 - 65*c**2 - 654*c - 37700. Determine l(-64).
60
Let o(g) = -12*g**3 + 299*g**2 + 9*g + 401. Give o(25).
1
Let a(d) = -34*d**2 + 178*d + 105. What is a(6)?
-51
Let m(l) = l**3 + 735*l**2 + 24502*l + 1419. Give m(-700).
19
Let f(l) = -214*l + 403. Calculate f(2).
-25
Let d(v) = -v**2 + 101*v + 14367. Determine d(-80).
-113
Let r(k) = k**3 + 44*k**2 + 695*k + 26211. Determine r(-42).
549
Let c(m) = -928*m - 11384. Determine c(-12).
-248
Let d(u) = -251*u**3 - 27*u**2 - 27*u - 7. Calculate d(-1).
244
Let v(w) = -37*w**3 - 9064*w**2 + 248*w + 245. Calculate v(-245).
-490
Let t(r) = r**3 + 8*r**2 + 124*r + 1124. What is t(-10)?
-316
Let t(q) = 40*q**3 - 215*q**2 + 13*q - 29. Determine t(6).
949
Let b(u) = -40*u**3 + 123*u**2 - 4*u - 1. Determine b(4).
-609
Let n(y) = 2*y**2 - 375*y + 8842. Give n(22).
1560
Let l(m) = -271*m + 3065. Determine l(13).
-458
Let s(x) = -6725*x + 2152021. Determine s(320).
21
Let b(j) = -56*j - 236. Calculate b(12).
-908
Let y(w) = -w**3 + 147*w**2 + 610*w - 856. Determine y(151).
50
Let i(q) = -323*q + 36108. What is i(102)?
3162
Let k(d) = 7*d**3 + 1261*d**2 + 194*d + 2527. Calculate k(-180).
7
Let w(g) = -2*g**3 - 13*g**2 - 34*g - 268. What is w(-11)?
1195
Let m(w) = -w**3 + 281*w**2 - 4791*w + 1029. Calculate m(18).
3
Let m(k) = -203*k - 863. What is m(-6)?
355
Let z(i) = i**3 - 47*i**2 + 321*i + 49. Calculate z(37).
-1764
Let u(q) = -152*q - 2002. Give u(-13).
-26
Let l(v) = -31*v**2 + 1676*v - 85. Give l(54).
23
Let q(x) = 12*x**2 - 9614*x + 113650. What is q(12)?
10
Let g(o) = 37*o + 1017. Calculate g(-27).
18
Let n(y) = 141*y**2 - 5995*y - 2921. Determine n(43).
3
Let j(i) = -i**3 + 29*i**2 + 386*i - 7598. What is j(34)?
-254
Let v(r) = 24*r**2 + 12253*r + 6644. What is v(-510)?
14
Let x(t) = -3328*t - 465. Calculate x(0).
-465
Let u(c) = -59782*c + 2929317. Calculate u(49).
-1
Let k(q) = 2*q**3 - 15*q**2 + 42*q - 542. What is k(9)?
79
Let l(j) = 3*j**2 - 209854*j + 1049274. Determine l(5).
79
Let n(b) = b**3 - 98*b**2 + 14*b - 486. Determine n(98).
886
Let r(z) = 17187*z + 9126288. Determine r(-531).
-9
Let u(z) = -5306*z - 976303. Give u(-184).
1
Let t(n) = -n**3 - 56*n**2 - 724*n + 1687. What is t(-28)?
7
Let z(o) = 9*o**3 - 206*o**2 - 16*o + 41. Calculate z(23).
202
Let c(r) = -2*r**3 - 773*r**2 - 2665*r + 6145. What is c(-383)?
17
Let c(q) = 125*q**2 - 39365*q - 3143. What is c(315)?
7
Let c(n) = -485*n - 60070. Give c(-124).
70
Let d(z) = -877*z + 56155. Calculate d(64).
27
Let w(v) = -7749*v - 15533. Determine w(-2).
-35
Let s(b) = 2727*b - 54490. What is s(20)?
50
Let a(p) = p**3 + 3592*p**2 + 18090*p + 780. Calculate a(-5).
5
Let p(o) = -1330*o - 195556. Calculate p(-147).
-46
Let i(d) = -8*d**2 - 52*d + 1298. Calculate i(11).
-242
Let x(h) = h**2 - 682*h + 3350. Give x(5).
-35
Let d(a) = -37*a**3 + 3920*a**2 + 219*a - 772. Give d(106).
-30
Let b(c) = -c**3 + 15*c**2 + 765*c - 8157. Calculate b(10).
-7
Let o(x) = -14*x**2 + 49*x - 363. Determine o(7).
-706
Let p(o) = 2*o**3 + 32*o**2 - 99*o - 2026. Determine p(-9).
-1
Let t(i) = 13929*i - 571093. Give t(41).
-4
Let n(d) = d**3 + 181*d**2 + 587*d + 73253. Determine n(-180).
-7
Let q(t) = -t**3 - 50*t**2 + 282*t + 508. What is q(-55)?
123
Let b(w) = -18*w**2 + 1134*w - 692. Determine b(63).
-692
Let k(f) = f**3 + 89*f**2 - 147*f - 4072. Calculate k(-90).
1058
Let q(d) = -162104*d + 1621033. Determine q(10).
-7
Let f(a) = 532*a**2 + 552*a - 7. What is f(-2)?
1017
Let v(f) = -4*f**3 + 955*f**2 + 26371*f - 92. Give v(-25).
8
Let i(d) = -451*d**2 + 291*d + 27. Calculate i(1).
-133
Let t(z) = -2*z**3 + 123*z**2 - 1215*z - 118. Determine t(49).
372
Let h(v) = -217*v - 3770. Give h(-16).
-298
Let c(p) = -p**2 + 79*p + 5258. What is c(-50)?
-1192
Let f(l) = -431*l**2 + 74134*l - 224. Give f(172).
120
Let t(s) = -s**2 - 35*s - 447. Give t(-31).
-323
Let i(h) = 7848*h**2 - 55014*h + 538. Determine i(7).
-8
Let q(r) = -5*r**2 + 7855*r - 23522. Determine q(3).
-2
Let k(f) = -f**3 + 11*f**2 + 109*f + 174. Calculate k(-2).
8
Let n(r) = -2*r**3 + 244*r**2 - 25*r + 3140. Calculate n(122).
90
Let x(s) = -6621*s + 2343852. Give x(354).
18
Let t(h) = h**3 + 40*h**2 + 200*h + 8713. Determine t(-35).
7838
Let f(b) = b**3 + 569*b**2 - 6405*b - 14493. Calculate f(-580).
7
Let i(f) = -9405*f - 376097. Calculate i(-40).
103
Let u(z) = 3*z**3 - 19*z**2 + 1830*z - 29244. Determine u(16).
7460
Let n(l) = 9*l**2 - 37*l - 7. What is n(-7)?
693
Let p(j) = 82*j + 6932. Give p(-121).
-2990
Let r(j) = j**3 + 165*j**2 + 1675*j - 25234. What is r(-153)?
-601
Let z(h) = 27*h**3 + 136*h**2 - 140*h. What is z(1)?
23
Let u(b) = b**2 + 1854*b - 1646. What is u(0)?
-1646
Let z(c) = 793*c + 42427. Calculate z(-54).
-395
Let w(f) = -2*f**3 + 207*f**2 - 297*f - 280. Give w(102).
638
Let i(u) = -16*u**2 - 1474*u - 14744. Calculate i(-10).
-1604
Let v(u) = u**3 + 11*u**2 + 2251*u + 13379. Calculate v(-6).
53
Let s(l) = -134*l**2 + 1740*l + 12118. What is s(-7)?
-6628
Let w(h) = 14174*h + 765396. Calculate w(-54).
0
Let r(g) = -897*g - 7087. What is r(-8)?
89
Let m(g) = -3*g**3 - 2291*g**2 - 17281*g + 80888. Determine m(-756).
-4
Let n(j) = 241185*j - 79591056. What is n(330)?
-6
Let j(r) = -5458*r - 49173. What is j(-9)?
-51
Le